e number?
True
Is 1987137473 composite?
False
Is 2874299 prime?
True
Is 199431041 prime?
False
Is 931954363 a composite number?
False
Is 19436161909 a prime number?
False
Is 50364771269 composite?
True
Is 98174035627 a composite number?
True
Is 1396643639 a prime number?
False
Is 92081129937 prime?
False
Is 591431339 composite?
False
Is 5362825213 a prime number?
True
Is 416827613 prime?
False
Is 41110117 a composite number?
False
Is 14910527999 a prime number?
True
Is 290404691 a composite number?
False
Is 18226113097 a composite number?
False
Is 131738070221 a composite number?
True
Is 2882722781 prime?
True
Is 72075979 a prime number?
False
Is 39398439409 composite?
True
Is 3754048223 a prime number?
True
Is 26533322383 composite?
False
Is 68705949979 prime?
False
Is 8432878705 composite?
True
Is 715998737 composite?
True
Is 5922959383 prime?
False
Is 297301307 composite?
False
Is 20687888909 prime?
False
Is 3227173057 prime?
False
Is 764256217 a prime number?
False
Is 6461042477 a prime number?
True
Is 15785629 composite?
False
Is 520720247 prime?
False
Is 49509737 prime?
False
Is 1253977039 composite?
True
Is 657395159 composite?
True
Is 20908585499 a prime number?
True
Is 2662844417 a prime number?
False
Is 432186607 prime?
True
Is 604419869 a prime number?
False
Is 252096823057 a composite number?
True
Is 2625822847 a prime number?
True
Is 1549606463 a prime number?
True
Is 19254881 a prime number?
True
Is 1149940859 prime?
True
Is 385589969 a prime number?
False
Is 689755171 composite?
True
Is 30271711 a composite number?
False
Is 83155286645 a composite number?
True
Is 233937551 prime?
True
Is 2574381017 composite?
True
Is 987498322 prime?
False
Is 102021389 prime?
True
Is 50413918007 composite?
True
Is 2181980953 a composite number?
True
Is 4329271241 composite?
True
Is 2928421799 a composite number?
False
Is 1230442489 composite?
True
Is 9768706061 a composite number?
True
Is 1728143101 a composite number?
False
Is 16978376139 a prime number?
False
Is 18779208971 a prime number?
False
Is 1775053789 composite?
True
Is 748734901 a composite number?
False
Is 909263441 a composite number?
True
Is 70185779 composite?
False
Is 190991161 prime?
False
Is 3516140281 a composite number?
True
Is 790338723 prime?
False
Is 639505021 a composite number?
True
Is 11785368347 a composite number?
True
Is 1389595751 a prime number?
True
Is 87534665137 prime?
False
Is 960050071 a prime number?
False
Is 215001349 a prime number?
False
Is 730694707 a prime number?
False
Is 153334717 prime?
False
Is 427395013 a composite number?
False
Is 117455387 composite?
True
Is 17449611994 prime?
False
Is 6167394049 prime?
False
Is 6397481689 a prime number?
False
Is 189357521919 a prime number?
False
Is 3725880011 composite?
True
Is 2698110557 composite?
False
Is 111176579 a composite number?
False
Is 266974177 composite?
True
Is 319160351659 prime?
True
Is 228874693 a prime number?
True
Is 5655349913 prime?
False
Is 358322317 prime?
True
Is 1470895639 composite?
True
Is 31180034297 prime?
False
Is 2576866819 a composite number?
False
Is 4420646983 composite?
False
Is 23766704047 composite?
False
Is 18836363941 a prime number?
True
Is 1378984741 a composite number?
False
Is 6534987787 a prime number?
True
Is 2678295041 a prime number?
True
Is 214827707 a prime number?
False
Is 12913043597 composite?
False
Is 10505822441 prime?
True
Is 4977178483 prime?
False
Is 65114593987 composite?
False
Is 8207478187 a composite number?
True
Is 855624943 a composite number?
True
Is 702942103 a prime number?
False
Is 64072781 a prime number?
False
Is 1257023333 a prime number?
False
Is 5734394327 prime?
False
Is 16468557197 a prime number?
True
Is 5032085783 a prime number?
True
Is 17191514993 a prime number?
True
Is 632413909 composite?
False
Is 244797353 a composite number?
True
Is 438399638851 prime?
False
Is 37823526977 a composite number?
True
Is 1027404193 a prime number?
False
Is 81628002823 a composite number?
True
Is 1640499037 prime?
True
Is 14364523597 a composite number?
False
Is 1053627935 prime?
False
Is 2737196821 a prime number?
True
Is 7170127897 prime?
True
Is 282077734 composite?
True
Is 362900047 a prime number?
True
Is 95027843059 prime?
False
Is 609650497 a prime number?
True
Is 538033139 a composite number?
True
Is 2564522773 composite?
True
Is 197532923 prime?
False
Is 180568385405 a prime number?
False
Is 45990525929 a composite number?
False
Is 1175008117 prime?
True
Is 1689181699 a prime number?
True
Is 3458846647 prime?
False
Is 7533255493 prime?
False
Is 503295439 composite?
True
Is 72348119897 a prime number?
True
Is 287958467 a composite number?
False
Is 3417005013 prime?
False
Is 63998437495 a composite number?
True
Is 3130681553 composite?
True
Is 1352998169 composite?
False
Is 16357279551 prime?
False
Is 410815763 prime?
False
Is 367828883 a composite number?
False
Is 76863355681 prime?
False
Is 1773411071 a prime number?
True
Is 3586780167 a composite number?
True
Is 1477536019 prime?
True
Is 5004351389 a prime number?
False
Is 79316453851 a composite number?
True
Is 534578017 a prime number?
False
Is 1445003699 prime?
False
Is 16755647 composite?
True
Is 14517129077 a prime number?
False
Is 1624539179 a composite number?
True
Is 2761449947 prime?
False
Is 124811293177 prime?
False
Is 217314737 a composite number?
False
Is 56561263789 prime?
False
Is 105133051 a composite number?
True
Is 63996876569 composite?
True
Is 4886540591 a composite number?
False
Is 468702695 a prime number?
False
Is 831003709 prime?
True
Is 9305130601 a composite number?
True
Is 9905104291 a composite number?
False
Is 31707357239 a prime number?
False
Is 1177220243 a prime number?
False
Is 132780310067 a prime number?
True
Is 37832761191 prime?
False
Is 83797589129 composite?
True
Is 11473199147 composite?
True
Is 146713602653 a prime number?
True
Is 27970357505 a prime number?
False
Is 11719159783 a composite number?
False
Is 83209103 a composite number?
False
Is 700223527 a composite number?
True
Is 759980827 composite?
True
Is 26258158414 a composite number?
True
Is 2133050897 composite?
False
Is 191844071 a prime number?
True
Is 223946561 composite?
True
Is 66170158987 a prime number?
False
Is 373356463 a prime number?
True
Is 790915861 prime?
True
Is 34270333 composite?
False
Is 81345506587 a composite number?
True
Is 3063554549 prime?
False
Is 15016978573 composite?
False
Is 29232753757 composite?
False
Is 64910719 composite?
True
Is 530688253 a prime number?
False
Is 254946581 prime?
False
Is 186214715 a prime number?
False
Is 8684027647 a prime number?
True
Is 30256262011 prime?
False
Is 4121871043 a composite number?
True
Is 2030526191 prime?
True
Is 127309373 a prime number?
True
Is 343369783 a composite number?
True
Is 125597533 a prime number?
True
Is 32477372923 a composite number?
True
Is 8154409511 a prime number?
False
Is 3688829083 a prime number?
True
Is 21430991 a prime number?
True
Is 17268415711 a prime number?
False
Is 2814681446 prime?
False
Is 34017826247 a prime number?
True
Is 8800273705 composite?
True
Is 31276273871 a prime number?
False
Is 573890437 prime?
False
Is 1485658238 a prime number?
False
Is 398053263 prime?
False
Is 3617254871 a composite number?
True
Is 21270474737 a composite number?
False
Is 4232733719 composite?
False
Is 3740422883 composite?
False
Is 450955465 a prime number?
False
Is 1114808897 a composite number?
False
Is 2722012939 composite?
True
Is 1366305173 prime?
True
Is 5690492383 a prime number?
True
Is 29679104087 a prime number?
True
Is 10568154299 prime?
False
Is 165481010969 a prime number?
True
Is 2463188999 prime?
False
Is 2632832665 prime?
False
Is 206420777 a prime number?
False
Is 4959426301 composite?
True
Is 1215710129 a prime number?
False
Is 3254596689 composite?
True
Is 1624315079 a composite number?
False
Is 240708063007 prime?
True
Is 99007344503 prime?
True
Is 8865667847 a prime number?
True
Is 19343120837 a composite number?
False
Is 56679688817 composite?
False
Is 392427731 a prime number?
True
Is 155143992071 composite?
False
Is 2397230939 a prime number?
True
Is 759001283 prime?
True
Is 768189203 a prime number?
False
Is 3072639037 prime?
False
Is 16684825841 a prime number?
True
Is 109118703